
Suppose 55 = -8*r + 3*r. Let z = r + 19. List the prime factors of z.
2
Let a(x) = -x + 1. Let g be a(-3). Suppose m = -g*m + 10. List the prime factors of m.
2
Let v(r) = 27*r - 4. What are the prime factors of v(2)?
2, 5
Let a(i) = 5*i + 20. What are the prime factors of a(17)?
3, 5, 7
Let y = -6 + 26. Suppose -2*m + 89 = 3*h, 0*m + 5*m = y. List the prime factors of h.
3
Let y = 2 + 2. Suppose -2*a - 8 = -y*h, -3*a = -0*h - h - 13. What are the prime factors of a?
2, 3
Let t = 0 - 2. Let y be -1 + (-1 - 5)/t. Suppose 0*k - 18 = -y*k. List the prime factors of k.
3
Let f(p) = -4*p - 10. Let d(l) = l + 1. Let m(j) = 5*d(j) + f(j). Suppose -i + 35 = 4*i. What are the prime factors of m(i)?
2
What are the prime factors of 4896/63 + (-4)/(-14)?
2, 3, 13
Suppose 0 = o - 62 + 2. List the prime factors of o.
2, 3, 5
Suppose 11 = 4*k + 5*p - 16, -4*k + 6 = -2*p. What are the prime factors of k?
3
Let r = -55 - -83. List the prime factors of r.
2, 7
Let j(m) be the first derivative of -m**3/3 - 9*m**2/2 + 11*m - 6. List the prime factors of j(-8).
19
Let y = 26 - -12. What are the prime factors of y?
2, 19
Suppose 4*t = g - 5, 4 + 1 = -2*t + g. Suppose -2*a = -1 + 3. List the prime factors of (3 - t) + (-13)/a.
2
Suppose 0 = 4*a - 20, 542 = -i + 5*i + 2*a. List the prime factors of i.
7, 19
Suppose -5*u = -12 - 8. Suppose -u*x - b = -34, -14 = -x - 3*b - 0. What are the prime factors of x?
2
Let r(u) = -u - 2. Let b be r(1). What are the prime factors of ((-36)/b)/(3 + -1)?
2, 3
List the prime factors of (1 - -66)*((-20)/(-5))/4.
67
Suppose 21 = -q + 2*q. Suppose 0 = 5*w - q - 9. List the prime factors of (-1)/(-3) - (-88)/w.
3, 5
Let f(o) = o**2 - 11*o + 15. What are the prime factors of f(12)?
3
Let w(b) = -b - 1. Suppose c + 32 = 5*c. Let h be w(c). Let o = -1 - h. List the prime factors of o.
2
Let y(p) = -2*p**3 - 5*p**2 - p + 4. Let j be y(-3). Suppose -4*i = 2*f - 32, 2*f - 6*f = -4*i - j. What are the prime factors of f?
2
Let p(g) = g**2 + 4*g + 31. List the prime factors of p(-10).
7, 13
Suppose 161*n = 166*n - 1815. What are the prime factors of n?
3, 11
Suppose 5*h = -5 + 65. Let g be (-2)/(-4)*h/(-3). List the prime factors of -2*(9/g - 0).
3
Let g(k) = k**2 - k + 4. Let y be g(3). List the prime factors of y/(-1 - (-12)/4).
5
Let h(m) = 3*m**2 - 3*m - 4. Let f be h(3). Let y = 23 + f. List the prime factors of y.
37
Let x(v) = -9*v + 20. List the prime factors of x(-11).
7, 17
Let z(p) = 3*p + 0*p + 2 - 2*p**2 + 2 + 3*p**2. List the prime factors of z(-6).
2, 11
Let g(c) = -6*c. Let r be g(9). Let q be 60/(-2)*(-2)/(-3). List the prime factors of q/(-6)*r/(-15).
2, 3
Let b(v) = -6*v**3 + 2*v**2 + 17*v + 11. Let d(r) = 3*r**3 - r**2 - 8*r - 5. Let i(u) = -6*b(u) - 13*d(u). What are the prime factors of i(-2)?
23
Suppose -33 = 3*p - 141. Suppose -5*x + 22 = -3*z + 5*z, 2*x + 68 = 4*z. Suppose -4*m + p = -3*h - 32, -z = -2*m - 3*h. What are the prime factors of m?
2, 7
Suppose 0*m - 4*m = -20. Suppose -2*a + 0*a + 30 = m*h, 4*h - 6 = 2*a. Suppose -3*i + 16 + a = 0. List the prime factors of i.
7
Suppose 2*k - 6*k + 8 = 0. Suppose -2*g + 3*g = -k. List the prime factors of -2 - -2 - g - -5.
7
Let i(j) be the first derivative of -j**4/4 - 2*j**3/3 - 3*j**2/2 - 2*j + 2. Let b be i(-2). Suppose -b*k = -0*k - 28. What are the prime factors of k?
7
Let x(g) = g**3 - 6*g**2 - 14*g + 16. List the prime factors of x(9).
7, 19
Let k(m) = 10*m + 30*m - 2*m + 3. Let f be k(4). List the prime factors of f/20 - 2/(-8).
2
Suppose -3*l - 2*i + 9 = 0, 15 = 5*l - 0*l - 2*i. List the prime factors of (l/3 - -11)*1.
2, 3
Let u(p) = -p**3 + 13*p**2 + p - 1. What are the prime factors of u(13)?
2, 3
Let v(b) = 32*b**2 - b - 1. Let f = -2 + 1. List the prime factors of v(f).
2
Let m = 5 - 2. Suppose 2*h + 70 = 5*u, m*u - 2*h + 4*h = 42. What are the prime factors of u?
2, 7
Let n(x) = 10*x. What are the prime factors of n(9)?
2, 3, 5
Suppose -434 - 34 = -4*g. List the prime factors of g.
3, 13
Suppose 5*g + 8 = g. What are the prime factors of ((-12)/(-20))/(g/(-30))?
3
Let g = -10 + 55. List the prime factors of g.
3, 5
Suppose -3 = -z + 3. Suppose 145 = -r + z*r + 5*h, -r = 3*h - 27. List the prime factors of r.
2, 3, 5
Let d = -7 - -11. Suppose 5*g - 17 = 33. Let w = g - d. What are the prime factors of w?
2, 3
Let v(i) = -i**2 + 20*i - 14. What are the prime factors of v(13)?
7, 11
Suppose 4*p - 84 = 80. What are the prime factors of p?
41
Let h = -46 - -105. What are the prime factors of h?
59
Suppose 5*d - 34 = -3*l, -4*l + 4 + 8 = 0. Suppose 2*c = 5*a - 56, c + 52 = d*a - 3*c. List the prime factors of a.
2, 3
Suppose 2*g - 10 = -0. Suppose 2*q = g*q. Suppose -v = 6*l - 3*l - 18, 3*l - 12 = q. List the prime factors of v.
2, 3
Let b be 12 + 1 - -1*1. Suppose 0*w = -w - 3*g + b, 4*w - 3*g + 4 = 0. Let v(r) = r**3 - 2*r**2 + r + 2. List the prime factors of v(w).
2
Suppose -5*j + 125 = -35. What are the prime factors of j?
2
Suppose j - 6*j = -10. Suppose 4*m = j*m + 26. List the prime factors of m.
13
Let o(h) = -h**3 - 5*h**2 + 4*h + 8. Let d be o(-6). Suppose -i + 3*n - 18 = -0*i, 46 = -4*i - n. Let u = d + i. What are the prime factors of u?
2
Suppose 26*l - 39*l + 4277 = 0. List the prime factors of l.
7, 47
Let c be (-2)/(-11) + 4/(-22). Suppose -3*k - 2*v + 4 = c, 3*k - 2*v = 2*v + 28. Suppose 16 = k*d - 0*w - w, 2*d - 3*w = -2. List the prime factors of d.
5
Let h = -17 + 19. Suppose -h*n = 2*n - 16. List the prime factors of n.
2
Let z(g) = -5*g + 6. Let h(a) = 5*a - 5. Let y(o) = -4*h(o) - 3*z(o). Let k(d) = 4*d - 1. Let l(p) = 7*k(p) + 6*y(p). What are the prime factors of l(-5)?
3, 5
Let t(m) = m**3 + 1. Suppose 2 = -3*w - 1. Let c(u) = 5*u**3 + u + 3. Let y(b) = w*c(b) + 3*t(b). List the prime factors of y(-1).
3
Let v(x) = 4*x**2 - x - 7. What are the prime factors of v(-4)?
61
Let x(t) = -t**3 + 6*t**2 + 6. Let y be x(6). Let v(w) = -w**3 + 8*w**2 - 8*w + 3. Let n be v(y). Let k = n - 16. List the prime factors of k.
11
Let u(p) be the second derivative of p**5/20 + p**3/6 - 2*p**2 + 2*p. What are the prime factors of u(3)?
2, 13
List the prime factors of (7 + 1)/(0 + 2).
2
Suppose 3 - 2 = i. Let t = 1 + i. Suppose 0 = t*g - 7 - 9. What are the prime factors of g?
2
Let h be 0/(-2 + 3) + 10. Let d = h - 7. Suppose -2*w - 25 = -3*k, 0*k + d*k - 5*w - 31 = 0. What are the prime factors of k?
7
Let x(f) = f + 14. Let g be x(-9). Suppose -180 = -g*l + l. What are the prime factors of l?
3, 5
Let h = 4 + -1. Suppose -h*l = -2*q + 19, -6*q + 21 = -3*l - 3*q. Let t = l - -8. List the prime factors of t.
3
Suppose -x - 3*c + 180 = -c, 4*x + 3*c - 735 = 0. List the prime factors of x.
2, 3, 31
Let p = -54 - -64. What are the prime factors of p?
2, 5
Let f(v) be the second derivative of v**4/4 - v**2 - 5*v. List the prime factors of f(-3).
5
Let z(l) = 35*l**2 + 13*l + 9. List the prime factors of z(-3).
3, 5, 19
Let c be 32/(-12)*(-6)/(-4). Let s(l) = l**2 - 3*l - 3. Let p be s(c). Suppose 15 = 4*q - p. What are the prime factors of q?
2, 5
Suppose 4*y + o = 45, o - 46 = -3*y - 13. What are the prime factors of y?
2, 3
Let n(o) = o**2 - 4*o - 5. What are the prime factors of n(7)?
2
Let o(k) = -k + 2*k - 4 - 5*k - 2. What are the prime factors of o(-4)?
2, 5
List the prime factors of (-2013)/(-44) - (-1)/4.
2, 23
Let h = -8 + 8. Suppose -k = -19 - h. What are the prime factors of k?
19
Suppose -5*i = -4*i - 111. What are the prime factors of i?
3, 37
Suppose 3*c + 3*o = 0, 0 = -c + 4*c - 2*o - 10. Suppose 2*i - 64 = -c*i. List the prime factors of i.
2
Suppose -u = -5*h + 120, -h + 0 = u - 30. List the prime factors of h.
5
Let w(q) = q**3 + q**2 + q - 1. Let v(y) = 23*y**3 + 5*y**2 + 3*y - 4. Let c(t) = v(t) - 5*w(t). What are the prime factors of c(1)?
17
List the prime factors of (0 - 1)*25*-1.
5
Let l(h) = 5*h - 8. Let g be l(6). Suppose -45 = -4*y + n, 2*y = n - 1 + g. What are the prime factors of y?
2, 3
Let o = -192 + 287. What are the prime factors of o?
5, 19
Let w(l) be the second derivative of -l**4/12 - l**3 - l**2 + l. Let u be w(-5). Suppose 5 = u*d + z - 9, -2 = -d - 3*z. What are the prime factors of d?
5
Let m(j) = 4*j**2 - 2*j - 1. What are the prime factors of m(-2)?
19
Let m(u) = -u + 7. Let w be m(5). What are the prime fac